0 + 103)
8
What is the value of -8 + 4 + 0 + 3 + -2?
-3
Evaluate -21 + 22 + (0 - (1 - -4)).
-4
What is the value of 4 + (-1 - 10) + (-2 - -4)?
-5
Evaluate 1 - (-4 - -2) - 3.
0
What is the value of 2 - ((11 - 10) + 5)?
-4
What is the value of -1 + -1 + -4 + -1 - 0?
-7
What is the value of 0 + 5 - (-2 + -18 - -25)?
0
-4 - (4 + -4 - (-3 - -6))
-1
Calculate 2 - (2 - (4 + -4)).
0
What is 2 + -3 + 1 + (-2 - 0)?
-2
Evaluate -7 - -3 - -14 - 10.
0
Calculate -13 + (-1 - (-7 - (-7 + 7))).
-7
-7 - (3 + -5 + 0)
-5
What is -3 + -1 + (-1 - -1) - -3?
-1
What is the value of (-22 + 1 - -12) + 11?
2
What is the value of (-5 - -11 - 10) + (-2 - 2)?
-8
What is the value of -5 + (0 - (-1 + (3 - 4)))?
-3
Calculate 2 + -3 + 2 + (3 - 2).
2
What is the value of (6 - 1 - 8) + 2?
-1
What is the value of 5 - 2 - (-10 + 0 + 9)?
4
What is the value of -13 - -6 - -2 - -5?
0
What is (4 - (3 + 4)) + -1 + -3?
-7
What is the value of 8 - (10 - 15) - 18?
-5
What is 5 - (2 - -5) - 2 - -2?
-2
What is the value of -1 + 5 + 1 + -2?
3
What is (1 - 1) + -3 + -536 + 532?
-7
What is 7 + -3 + 8 - 10?
2
Calculate (-155 - -149) + 13 + 0.
7
Evaluate (11 + -2 - 3) + 9 + -9.
6
What is -1 - 7 - (-126 + 117)?
1
Evaluate (22 - 22) + 6 + -2.
4
What is the value of 2 + (-8 - -1) + 2?
-3
3 + (-5 - (5 - 3))
-4
Evaluate -8 + 5 - (4 - 10).
3
What is the value of (12 - (0 + 3)) + -10?
-1
What is (7 - 2) + -2 - 1?
2
Evaluate (-3 - (-7 - 2)) + -3 + -5.
-2
7 - (-11 + 3 - -8)
7
Evaluate 0 + -5 - (15 + -8 + -14).
2
What is the value of (2 - -1) + -4 + 3 + 1?
3
Evaluate (16 + -5 - 3) + -1 - 1.
6
Calculate 6 + 0 - (3 - -3).
0
Calculate (15 - 19) + (1 - -4).
1
What is 5 + -3 + 1 + 0?
3
(5 - (0 + 15)) + (4 - -1)
-5
What is the value of 8 + -17 - -16 - 5?
2
(3 - 4) + (-6 - -5)
-2
Calculate -4 - (-9 - -1) - (5 - 4).
3
Calculate (-11 - -7 - -5) + 7.
8
What is the value of 2 - (-14 + 5 + 5)?
6
What is -13 + (6 - (-2 - -13) - -11)?
-7
What is the value of -12 + 6 + 4 + 5?
3
Evaluate -9 + -4 + 8 + 9.
4
What is the value of 1 - (-1 - 1) - (-488 - -487)?
4
Calculate 5 - (5 - 0 - -4) - -4.
0
Evaluate (1 - 7) + 12 + -8 - -5.
3
What is the value of -2 - (-6 - (-1 - 1))?
2
Calculate (4 - 7) + (1 - 1) - -6.
3
What is the value of 5 + -4 + (4 - 0)?
5
What is the value of (-19 - -25) + (-1 - 1) + -5?
-1
What is 2 + (-4 - (-6 - -5)) + -6?
-7
What is the value of 4 + -10 + 17 - 8?
3
1 - 0 - -6 - 10
-3
Calculate 2 + -1 + 0 + -4.
-3
Calculate 1 - (-2 - -4 - (0 - 0)).
-1
3 + (-5 - (1 - 7))
4
(-3 + 1 - (-2 + 4)) + 2
-2
What is the value of 6 + (-2 - -4 - 4)?
4
Evaluate 5 - (2 - -2 - -4).
-3
Evaluate -2 + 2 + 0 + 3.
3
What is the value of 1 - (-1 + 9 + -3)?
-4
0 + (3 - (-2 + 3))
2
Evaluate 8 + -3 + -9 - -11.
7
(6 + 2 - 1 - 0) + 1
8
What is the value of -3 + (-6 - (7 + -14))?
-2
What is -12 + 3 + 5 + 1 + 2?
-1
What is 3 - (-1 + 2 + 12 + -11)?
1
What is -4 + (5 - (6 - (3 - 0)))?
-2
Calculate -10 + 19 - 18 - -4.
-5
3 + -3 + -1 + 0 + 1
0
What is the value of (-4 - 1) + 6 + -7 + 1?
-5
What is -3 - (-2 + 9 + -5)?
-5
Evaluate -4 + -20 - (-11 - 3).
-10
What is the value of 13 + 5 + -10 + 7 + -9?
6
1 + -6 - 2 - (-3 - -1)
-5
What is 4 + (-3 - -1 - (3 + -2))?
1
What is the value of -1 + 1 - (3 - 5)?
2
What is 28 + -43 + -1 + 13?
-3
Evaluate (0 - 2) + (-5 - -6) + 2.
1
What is -25 - -19 - (-7 - 0)?
1
What is the value of -5 + 4 + -7 + 8?
0
Evaluate 0 + (0 - (-4 + 3 - -3)).
-2
Calculate 0 + 3 - -1 - 8 - -7.
3
(2 - -1) + -3 + -3
-3
Evaluate -18 + 13 + (1 - -6).
2
What is the value of -2 + (-2 - 0) - (0 + 0)?
-4
What is 0 - (-3 - (-6 - 0))?
-3
-1 + 0 - (-5 + 8)
-4
Evaluate -1 - (1 - 9) - (2 + 8).
-3
What is the value of 3 + 7 + (8 - (14 + -7))?
11
Calculate 3 - ((-1 - -2) + -7 + 5).
4
Evaluate -1 + -5 + 10 + (0 - 2).
2
Calculate -2 + (1 - 0 - 1) + -1.
-3
-5 - ((1 - 3) + (-41 - -43))
-5
-3 - (1 + -3) - -4
3
0 + 1 + 2 - -2 - 2
3
Evaluate 13 + 1 - (-5 - (12 - 23)).
8
What is the value of -4 - (4 + -11 + 4)?
-1
What is the value of -1 - (-1 + 4 + -6)?
2
(7 - 2) + (-4 - -2) - 1
2
Calculate (2 - 0) + -4 + 2 - 4.
-4
(-2 - (-1 - -3) - -3) + 0
-1
9 + -10 - (0 - 3)
2
Calculate (0 - -5) + -2 - (-56 - -54).
5
What is -7 - (-3 - (2 + -1))?
-3
Calculate 1 + 1 - (-10 - -12).
0
What is -8 + 2 + 5 + 2?
1
Evaluate (4 + 3 + -9 - -1) + -1.
-2
Evaluate 17 - 2 - (-3 + 14).
4
Evaluate 5 + (7 - 14) - 3.
-5
Calculate -24 + 17 + (-1 + 0 - -3).
-5
(3 - 3) + (-1 - (-3 - -7))
-5
What is the value of 1 + 3 - (3 + -1 + -5)?
7
(0 - (3 + 3)) + -1
-7
What is the value of -9 + (0 - (-1 + -3))?
-5
What is the value of -4 + -12 + 17 - (0 - -9)?
-8
What is -1 + 2 - -3 - (-17 - -16)?
5
What is (-19 - -2) + (30 - 21)?
-8
1 - (-1 - -2 - (4 - 9))
-5
What is (3 - 9 - -1) + (-1 - -1)?
-5
What is the value of 5 + -10 + (-1 - -7)?
1
What is 3 - (-3 + -6 + 16)?
-4
What is the value of (0 + 7 - (-4 - -7)) + -4?
0
7 + 0 + 9 + -10
6
Calculate -12 + 7 - (0 + -2 - 0).
-3
Evaluate 11 - (-4 + 10) - 3.
2
What is -8 + (-6 + 10 - 0)?
-4
What is (6 + 6 + -18 - -8) + -1?
1
What is 3 + (7 - (18 + -6))?
-2
What is the value of -349 + 348 + (2 - 1 - 8)?
-8
What is the value of 10 + -16 + -2 - (0 - 1)?
-7
What is the value of (-3 + 5 - -2) + -2?
2
Evaluate 14 + -17 + -2 + 9.
4
0 - (3 + 5 + (-1 - 5))
-2
Evaluate 6 - 2 - 2 - -2.
4
What is the value of -8 - -3 - -4 - 3?
-4
What is -10 - (2 + 4 - 8)?
-8
What is the value of 6 - 3 - 0 - -2 - 3?
2
Evaluate -5 + 1 - (4 + 7 - 21).
6
Calculate 16 + -13 + 7 + 7 + -8.
9
-5 + -1 - (2 - (-3 + 7))
-4
Evaluate 11 - 14 - (1 + 3 - 1).
-6
Evaluate 4 + 1 + -2 - 3 - -6.
6
Calculate 8 + (2 - 5) + (-2 - -2).
5
Evaluate (-1 - 1) + (8 - (-3 + 3)).
6
Calculate (-5 - (3 - 4)) + 5.
1
Evaluate (-2 - -1) + (20 - (16 + 0)).
3
Calculate 0 + 4 + -10 + (5 - 2).
-3
Evaluate 5 - (5 - -2) - -1.
-1
What is -1 + 6 + (-5 - 5) + -3?
-8
-7 - (-10 + 13 + -9)
-1
Evaluate 0 + -3 - (-7 - (-3 - -1)).
2
What is the value of (-1 - -3) + -3 - 4?
-5
What is the value of 2 - (-1 + 6 - 1 - 6)?
4
Evaluate 6 + 5 + -9 - 7.
-5
Calculate (0 - (1 + -5) - 5) + -4.
-5
Calculate -3 + -1 + (1 + -5 - -4).
-4
What is the value of -9 + (2 - -1) - (37 - 42)?
-1
Evaluate 2 - (-9 + 9 - (4 + 1)).
7
0 - 2 - (0 - 1 - -4)
-5
Evaluate -3 + 1 + -4 + 0.
-6
Calculate (5 - (5 + 4)) + -2 + 9.
3
Evaluate -1 - (-4 - (9 + -3) - -2).
7
What is the value of -1 - (1 + -1 + 2)?
-3
What is the value of (-1 - 0) + -5 - (-24 - -27)?
-9
Evaluate -2 - (-14 + 5 - -6).
1
Evaluate 23 + -24 + 10 + 1.
10
Evaluate 0 + -3 - (2 - -1).
-6
Evaluate (-1 - 0) + 1 - (31 - 29).
-2
Calculate (1 + -2 - 0) + (0 - 3).
-4
Evaluate -6 - (2 + (4 - 19) - 0).
7
Calculate 5 - 5 - (7 - 3) - -3.
-1
Calculate (-1 - -5) + (-20 - -16).
0
-16 + 20 - (5 - (2 + 0))
1
Calculate (68 - 75 - (-1 + 0)) + 14.
8
Evaluate -5 - (-4 - (4 + -6)).
-3
What is 11 + -4 + 4 + -3?
8
What is -3 + 4 + 6 + (-2 - 0)?
5
What is the value of -3 + 0 + (17 - 19)?
-5
(-2 - (12 + -13)) + (3 - -1)
3
5 - (-10 - -21 - 14)
8
What is 0 + -1 - (-95 + 91)?
3
Evaluate -3 - (-10 - -5 - (-1 - 0)).
1
0 + (0 - 2) + (-15 - -12)
-5
-1 - ((4 - (5 + -3)) + 0)
-3
What is the value of 1 + 4 + -47 + 35 - -7?
0
0 + 2 + -3 + 2 + -6
-5
Evaluate -3 + 10 + -18 + 6.
-5
What is the value of (-1 + -2 - 2) + 6?
1
What is 0 + 4 + -4 + 3?
3
Calculate -3 - (5 - (2 + 6 + -2)).
-2
What is (-1 - 2 - -7) + -7 - -7?
4
Calculate 3 + (-1 + -2 - -2).
2
What is 70 - 68 - (-1 + -3)?
6
Calculate -2 - (-4 + (-4 - -5)).
1
What is -8 + (7 + -6 - -2)?
-5
What is the value of (15 + -9 - 8) + -1 + -4?
-7
Calculate -1 - (4 + (2 - 6) + -8).
7
Evaluate 6 - ((-3 - 1) + 0 + 6).
4
Calculate (-1 - -1) + 3 - (-8 + 13).
-2
Evaluate 4 + (4 - (-6 + 16)) + 4.
2
Evaluate 6 + 12 + -3 + -19.
-4
Calculate -1 - 1 - (4 + -22 + 12).
4
2 + (-4 - 6) - (-2 - 2)
-4
0 - (4 + 1 + -12 - -5)
2
Evaluate -24 + -23 + 46 + (-1 - -5).
3
What is -5 + 9 + -6 + 0?
-2
What is the value of (-8 - -3) + 3 + -4 + 2?
-4
Calculate -6 - -4 - (-2 + 7 - 2).
-5
What is the value of (2 - 3) + 0 + 3 + 1?
3
3 + -10 + 8 - (2 - -1)
-2
6 + -2 + -3 + (2 - -1)
4
Evaluate -7 - (2 - 7 - (16 + -11)).
3
What is the value of (-1 - 3) + 1 - (3 + -2)?
-4
What is the value of -3 + 3 + -3 + 4?
1
What is the value of 3 - ((-4 - -7) + (-3 - -3))?
0
-1 + 4 - (2 - 2) - 2
1
Calculate 3 - -1 - (62 - 56).
-2
What is the value of 10 + (-1 - 4) - 1?
4
2 + (0 + 2 - 3)
1
Evaluate -7 + (0 - (2 - 4)).
-5
-1 + 6 + (2 - 6)
1